{"id":19,"date":"2026-02-25T18:47:24","date_gmt":"2026-02-25T18:47:24","guid":{"rendered":"https:\/\/theaterspezi.de\/?page_id=19"},"modified":"2026-02-27T17:43:37","modified_gmt":"2026-02-27T17:43:37","slug":"ueber-mich","status":"publish","type":"page","link":"https:\/\/theaterspezi.de\/?page_id=19","title":{"rendered":"\u00fcber mich"},"content":{"rendered":"\n<div class=\"wp-block-group alignfull has-accent-background-color has-background has-global-padding is-layout-constrained wp-container-core-group-is-layout-669513ed wp-block-group-is-layout-constrained\" style=\"margin-top:0;margin-bottom:0;padding-top:var(--wp--preset--spacing--50);padding-right:var(--wp--preset--spacing--50);padding-bottom:var(--wp--preset--spacing--50);padding-left:var(--wp--preset--spacing--50)\">\n<div class=\"wp-block-columns alignwide is-layout-flex wp-container-core-columns-is-layout-1da03c2a wp-block-columns-is-layout-flex\">\n<div class=\"wp-block-column is-vertically-aligned-stretch is-layout-flow wp-block-column-is-layout-flow\" style=\"flex-basis:50%\">\n<div class=\"wp-block-group is-vertical is-content-justification-stretch is-layout-flex wp-container-core-group-is-layout-444d5ee8 wp-block-group-is-layout-flex\" style=\"min-height:100%\">\n<p class=\"has-heading-font-family has-large-font-size\" style=\"line-height:1.2\">J\u00fcrgen Baumgarten<br><\/p>\n\n\n\n<div class=\"wp-block-group has-global-padding is-content-justification-left is-layout-constrained wp-container-core-group-is-layout-9fe8ed88 wp-block-group-is-layout-constrained\">\n<p class=\"wp-container-content-0733e5d0\">Ich spiele seit fast 40 Jahren in meiner Freizeit Theater. Fast alles, was dazu geh\u00f6rt, habe ich schon gemacht: Regie f\u00fchren, Verein leiten, Kulissen bauen, Plakate entwerfen und enorm viele Dinge von A nach B schleppen, auftreten, alles wieder von B nach A zur\u00fcckbringen.<br><br>Au\u00dferdem schreibe ich Theaterst\u00fccke. <br><a href=\"https:\/\/juergen-baumgarten.de\">Alle St\u00fccke findest du hier.<\/a><\/p>\n\n\n\n<p class=\"wp-container-content-0733e5d0\">Und ich schreibe Fantasy-Romane f\u00fcr Kinder und junggebliebene Erwachsene \u00fcber <a href=\"https:\/\/dreiviertelfee.de\">&#8222;Irene, die Dreiviertelfee&#8220;<\/a>. <br><a href=\"https:\/\/dreiviertelfee.de\">Hier<\/a> erf\u00e4hrst du mehr dar\u00fcber.<br><\/p>\n<\/div>\n<\/div>\n<\/div>\n\n\n\n<div class=\"wp-block-column is-vertically-aligned-center is-layout-flow wp-block-column-is-layout-flow\" style=\"flex-basis:50%\">\n<figure class=\"wp-block-image size-full is-resized is-style-rounded is-style-rounded--1\"><img loading=\"lazy\" decoding=\"async\" width=\"352\" height=\"577\" src=\"https:\/\/theaterspezi.de\/wp-content\/uploads\/2026\/02\/Juergen-verkleinert-2.jpg\" alt=\"\" class=\"wp-image-50\" style=\"width:267px;height:auto\" srcset=\"https:\/\/theaterspezi.de\/wp-content\/uploads\/2026\/02\/Juergen-verkleinert-2.jpg 352w, https:\/\/theaterspezi.de\/wp-content\/uploads\/2026\/02\/Juergen-verkleinert-2-183x300.jpg 183w\" sizes=\"auto, (max-width: 352px) 100vw, 352px\" \/><\/figure>\n<\/div>\n<\/div>\n<\/div>\n\n\n\n<div class=\"wp-block-group alignfull has-base-background-color has-background has-global-padding is-layout-constrained wp-container-core-group-is-layout-d89aad35 wp-block-group-is-layout-constrained\" style=\"margin-top:0;margin-bottom:0;padding-top:var(--wp--preset--spacing--50);padding-right:var(--wp--preset--spacing--50);padding-bottom:var(--wp--preset--spacing--50);padding-left:var(--wp--preset--spacing--50)\">\n<div class=\"wp-block-columns alignwide is-layout-flex wp-container-core-columns-is-layout-549b0c86 wp-block-columns-is-layout-flex\">\n<div class=\"wp-block-column has-global-padding is-content-justification-left is-layout-constrained wp-container-core-column-is-layout-4f15e8fe wp-block-column-is-layout-constrained\" style=\"flex-basis:40%\">\n<figure class=\"wp-block-image size-full\"><img loading=\"lazy\" decoding=\"async\" width=\"663\" height=\"710\" src=\"https:\/\/theaterspezi.de\/wp-content\/uploads\/2026\/02\/Juergen-und-Konrad-verkleinert.jpg\" alt=\"\" class=\"wp-image-52\" srcset=\"https:\/\/theaterspezi.de\/wp-content\/uploads\/2026\/02\/Juergen-und-Konrad-verkleinert.jpg 663w, https:\/\/theaterspezi.de\/wp-content\/uploads\/2026\/02\/Juergen-und-Konrad-verkleinert-280x300.jpg 280w\" sizes=\"auto, (max-width: 663px) 100vw, 663px\" \/><figcaption class=\"wp-element-caption\">J\u00fcrgen Baumgarten und Puppe Konrad<\/figcaption><\/figure>\n<\/div>\n\n\n\n<div class=\"wp-block-column is-layout-flow wp-container-core-column-is-layout-119bc444 wp-block-column-is-layout-flow\" style=\"flex-basis:60%\">\n<p class=\"has-heading-font-family has-large-font-size\" style=\"line-height:1.2\">Theater ist meine Leidenschaft.<br>Schreiben ist meine Berufung.<\/p>\n\n\n\n<p><\/p>\n\n\n\n<div class=\"wp-block-columns is-layout-flex wp-container-core-columns-is-layout-87beb0d0 wp-block-columns-is-layout-flex\">\n<div class=\"wp-block-column is-layout-flow wp-block-column-is-layout-flow\">\n<p class=\"wp-container-content-9cfa9a5a\">Auf der B\u00fchne f\u00fchle ich mich zu Hause. Was ich mich sonst nie trauen w\u00fcrde&nbsp;\u2013 im Theaterspiel mache ich es, ohne mit der Wimper zu zucken. <br><br>Alles, was ich in fast 40 Jahren gelernt habe, stecke ich nun in mein Buch &#8222;Theater spielen(d) lernen&#8220;.<\/p>\n<\/div>\n\n\n\n<div class=\"wp-block-column is-layout-flow wp-block-column-is-layout-flow\">\n<p>Wenn ich schreibe, ruhe ich in mir selbst. Wenn die Worte flie\u00dfen wei\u00df ich: Hierf\u00fcr wurde ich geboren. <br><br>In meinem Kopf entstehen st\u00e4ndig Geschichten. Drei Leben w\u00fcrden nicht ausreichen, um sie alle aufzuschreiben.<\/p>\n\n\n\n<p><\/p>\n<\/div>\n<\/div>\n<\/div>\n<\/div>\n<\/div>\n\n\n\n<div class=\"wp-block-group alignfull has-accent-5-background-color has-background has-global-padding is-layout-constrained wp-container-core-group-is-layout-d89aad35 wp-block-group-is-layout-constrained\" style=\"margin-top:0;margin-bottom:0;padding-top:var(--wp--preset--spacing--50);padding-right:var(--wp--preset--spacing--50);padding-bottom:var(--wp--preset--spacing--50);padding-left:var(--wp--preset--spacing--50)\">\n<div class=\"wp-block-columns alignwide is-layout-flex wp-container-core-columns-is-layout-1da03c2a wp-block-columns-is-layout-flex\">\n<div class=\"wp-block-column is-vertically-aligned-center is-layout-flow wp-block-column-is-layout-flow\" style=\"flex-basis:60%\">\n<figure class=\"wp-block-image size-full is-resized is-style-rounded is-style-rounded--2\"><img loading=\"lazy\" decoding=\"async\" width=\"463\" height=\"469\" src=\"https:\/\/theaterspezi.de\/wp-content\/uploads\/2026\/02\/Bildschirmfoto-2026-01-05-um-22.57.47.png\" alt=\"Theaterspezi\" class=\"wp-image-10\" style=\"aspect-ratio:0.9872331058771737;width:286px;height:auto\" srcset=\"https:\/\/theaterspezi.de\/wp-content\/uploads\/2026\/02\/Bildschirmfoto-2026-01-05-um-22.57.47.png 463w, https:\/\/theaterspezi.de\/wp-content\/uploads\/2026\/02\/Bildschirmfoto-2026-01-05-um-22.57.47-296x300.png 296w\" sizes=\"auto, (max-width: 463px) 100vw, 463px\" \/><\/figure>\n<\/div>\n\n\n\n<div class=\"wp-block-column is-layout-flow wp-block-column-is-layout-flow\" style=\"flex-basis:40%\">\n<h2 class=\"wp-block-heading has-large-font-size\">Theaterspezi \u2013 mein Herzensprojekt<\/h2>\n\n\n\n<p>Ich war seit vier Jahren Hobby-Schauspieler, als ein weiser Theatermensch mir und meiner damaligen Gruppe zeigte, wie unser Spiel besser werden konnte. Er hie\u00df Siegfried Plewa und kam von der Studiob\u00fchne Essen. <\/p>\n\n\n\n<p>Ich habe seither viele Fortbildungen besucht und auch selbst einige geleitet. Mein Wissen weiterzugeben, so wie einst Siegfried Plewa, liegt mir am Herzen. Vielleicht werde ich ja irgendwann ebenfalls weise? <strong>&#x1f60a;<\/strong><\/p>\n<\/div>\n<\/div>\n<\/div>\n\n\n\n<div class=\"wp-block-group alignfull has-accent-background-color has-background has-global-padding is-layout-constrained wp-container-core-group-is-layout-669513ed wp-block-group-is-layout-constrained\" style=\"margin-top:0;margin-bottom:0;padding-top:var(--wp--preset--spacing--50);padding-right:var(--wp--preset--spacing--50);padding-bottom:var(--wp--preset--spacing--50);padding-left:var(--wp--preset--spacing--50)\">\n<div class=\"wp-block-columns alignwide is-layout-flex wp-container-core-columns-is-layout-1da03c2a wp-block-columns-is-layout-flex\">\n<div class=\"wp-block-column is-vertically-aligned-stretch is-layout-flow wp-block-column-is-layout-flow\" style=\"flex-basis:50%\">\n<div class=\"wp-block-group is-vertical is-content-justification-stretch is-layout-flex wp-container-core-group-is-layout-444d5ee8 wp-block-group-is-layout-flex\" style=\"min-height:100%\">\n<p class=\"has-heading-font-family has-large-font-size\" style=\"line-height:1.2\">Was ich mag<br><\/p>\n\n\n\n<div class=\"wp-block-group has-global-padding is-content-justification-left is-layout-constrained wp-container-core-group-is-layout-9fe8ed88 wp-block-group-is-layout-constrained\">\n<p><\/p>\n\n\n\n<ul class=\"wp-block-list\">\n<li>Star Trek<\/li>\n\n\n\n<li>Star Wars<\/li>\n\n\n\n<li>Fantasy<\/li>\n\n\n\n<li>romantische Kom\u00f6dien<\/li>\n\n\n\n<li>Pistazien<\/li>\n\n\n\n<li>Pasta<\/li>\n\n\n\n<li>Schokolade<\/li>\n\n\n\n<li>Eis<\/li>\n\n\n\n<li>Kinderlachen<\/li>\n\n\n\n<li>das frische Gr\u00fcn im Fr\u00fchling<\/li>\n\n\n\n<li>LEGO<\/li>\n\n\n\n<li>Otter, Eichh\u00f6rnchen und K\u00e4uze<\/li>\n<\/ul>\n\n\n\n<p><strong>Was ich nicht mag:<\/strong><\/p>\n\n\n\n<ul class=\"wp-block-list\">\n<li>Rosenkohl<\/li>\n\n\n\n<li>fettes Fleisch<\/li>\n\n\n\n<li>Kaffee<\/li>\n\n\n\n<li>Minze<\/li>\n\n\n\n<li>Ungerechtigkeit und Hass<\/li>\n<\/ul>\n<\/div>\n<\/div>\n<\/div>\n\n\n\n<div class=\"wp-block-column is-vertically-aligned-center is-layout-flow wp-block-column-is-layout-flow\" style=\"flex-basis:50%\">\n<figure class=\"wp-block-image size-full is-resized is-style-rounded is-style-rounded--3\"><img loading=\"lazy\" decoding=\"async\" width=\"1024\" height=\"1536\" src=\"https:\/\/theaterspezi.de\/wp-content\/uploads\/2026\/02\/mit-Chewbacca.png\" alt=\"\" class=\"wp-image-55\" style=\"aspect-ratio:0.6666468472218093;width:252px;height:auto\" srcset=\"https:\/\/theaterspezi.de\/wp-content\/uploads\/2026\/02\/mit-Chewbacca.png 1024w, https:\/\/theaterspezi.de\/wp-content\/uploads\/2026\/02\/mit-Chewbacca-200x300.png 200w, https:\/\/theaterspezi.de\/wp-content\/uploads\/2026\/02\/mit-Chewbacca-683x1024.png 683w, https:\/\/theaterspezi.de\/wp-content\/uploads\/2026\/02\/mit-Chewbacca-768x1152.png 768w\" sizes=\"auto, (max-width: 1024px) 100vw, 1024px\" \/><figcaption class=\"wp-element-caption\">Bild mit KI erzeugt<\/figcaption><\/figure>\n<\/div>\n<\/div>\n<\/div>\n","protected":false},"excerpt":{"rendered":"<p>J\u00fcrgen Baumgarten Ich spiele seit fast 40 Jahren in meiner Freizeit Theater. Fast alles, was dazu geh\u00f6rt, habe ich schon gemacht: Regie f\u00fchren, Verein leiten, Kulissen bauen, Plakate entwerfen und enorm viele Dinge von A nach B schleppen, auftreten, alles wieder von B nach A zur\u00fcckbringen. Au\u00dferdem schreibe ich Theaterst\u00fccke. Alle St\u00fccke findest du hier. [&hellip;]<\/p>\n","protected":false},"author":1,"featured_media":0,"parent":0,"menu_order":0,"comment_status":"closed","ping_status":"closed","template":"","meta":{"footnotes":""},"class_list":["post-19","page","type-page","status-publish","hentry"],"_links":{"self":[{"href":"https:\/\/theaterspezi.de\/index.php?rest_route=\/wp\/v2\/pages\/19","targetHints":{"allow":["GET"]}}],"collection":[{"href":"https:\/\/theaterspezi.de\/index.php?rest_route=\/wp\/v2\/pages"}],"about":[{"href":"https:\/\/theaterspezi.de\/index.php?rest_route=\/wp\/v2\/types\/page"}],"author":[{"embeddable":true,"href":"https:\/\/theaterspezi.de\/index.php?rest_route=\/wp\/v2\/users\/1"}],"replies":[{"embeddable":true,"href":"https:\/\/theaterspezi.de\/index.php?rest_route=%2Fwp%2Fv2%2Fcomments&post=19"}],"version-history":[{"count":7,"href":"https:\/\/theaterspezi.de\/index.php?rest_route=\/wp\/v2\/pages\/19\/revisions"}],"predecessor-version":[{"id":58,"href":"https:\/\/theaterspezi.de\/index.php?rest_route=\/wp\/v2\/pages\/19\/revisions\/58"}],"wp:attachment":[{"href":"https:\/\/theaterspezi.de\/index.php?rest_route=%2Fwp%2Fv2%2Fmedia&parent=19"}],"curies":[{"name":"wp","href":"https:\/\/api.w.org\/{rel}","templated":true}]}}